476 and 312183172?
476
Calculate the highest common factor of 6120 and 936720.
360
Calculate the highest common divisor of 76506 and 1264809.
123
What is the highest common divisor of 31646416 and 5264?
752
What is the greatest common divisor of 509 and 203468678?
509
What is the highest common factor of 66667206 and 24?
6
What is the greatest common factor of 114 and 9479062?
38
Calculate the greatest common divisor of 9044728 and 1379.
7
Calculate the highest common factor of 871299 and 9009.
1287
Calculate the highest common divisor of 16375940 and 795.
265
Calculate the greatest common factor of 13695 and 465.
15
What is the greatest common factor of 2419684 and 57776?
628
What is the highest common divisor of 10337260 and 1395?
155
What is the greatest common factor of 455 and 1066415?
35
Calculate the greatest common divisor of 665805 and 8160.
255
What is the highest common factor of 203616 and 25368?
168
What is the greatest common divisor of 348585388 and 4188?
1396
Calculate the highest common factor of 6305600 and 1280.
320
What is the highest common factor of 785748 and 36?
12
What is the highest common factor of 406562 and 23294?
38
Calculate the highest common factor of 18053 and 17521726.
2579
What is the highest common factor of 434256 and 19?
1
What is the highest common divisor of 16233807 and 11145?
2229
What is the highest common divisor of 1037768 and 8176?
584
What is the highest common divisor of 238 and 501039742?
238
Calculate the greatest common factor of 79184 and 221333.
49
Calculate the highest common divisor of 15727205 and 22139.
1703
Calculate the highest common factor of 6336 and 4478760.
792
What is the greatest common divisor of 21353037 and 6603?
213
What is the highest common factor of 3840 and 23121984?
192
Calculate the highest common factor of 91049329 and 4333.
4333
What is the highest common factor of 365382448 and 505?
101
What is the greatest common factor of 6093 and 1875897?
9
What is the greatest common divisor of 18409118 and 52?
26
What is the greatest common factor of 1930918 and 144254?
1738
What is the greatest common factor of 102866 and 37925070?
5414
What is the greatest common divisor of 10397310 and 25410?
2310
What is the greatest common factor of 99544 and 66002?
1082
Calculate the highest common factor of 9690 and 289090.
10
What is the greatest common factor of 374877 and 4422?
3
Calculate the greatest common factor of 96078 and 5529504.
1434
What is the highest common divisor of 582057 and 16989?
21
What is the greatest common divisor of 189 and 37364?
1
What is the highest common factor of 850584 and 1051274?
854
What is the greatest common factor of 1122 and 41827038?
1122
Calculate the greatest common factor of 4210704 and 176.
16
What is the greatest common divisor of 2831073 and 126?
21
What is the greatest common divisor of 586303 and 103788?
31
What is the greatest common factor of 54625 and 75506125?
2875
What is the greatest common factor of 82034316 and 52?
52
What is the greatest common factor of 4433146 and 772468?
3418
Calculate the greatest common divisor of 3774 and 50664420.
102
Calculate the greatest common factor of 93220 and 1962340.
1180
Calculate the greatest common factor of 63 and 50482971.
63
Calculate the greatest common factor of 16942744 and 2856.
952
Calculate the greatest common factor of 67593189 and 654.
327
What is the greatest common divisor of 219 and 124900299?
219
What is the greatest common divisor of 21 and 5584194?
21
What is the highest common divisor of 1850 and 65618390?
370
What is the highest common factor of 900 and 189067275?
225
What is the greatest common factor of 135 and 14494755?
15
Calculate the greatest common factor of 117786 and 66.
6
Calculate the highest common divisor of 1056393050 and 14550.
4850
Calculate the highest common factor of 31911550 and 14399.
187
What is the highest common divisor of 79775 and 6350?
25
What is the highest common divisor of 551 and 3880287?
29
Calculate the greatest common factor of 32863 and 246751.
557
What is the greatest common factor of 39029 and 998727?
31
What is the highest common factor of 3242 and 930290279?
1621
What is the highest common factor of 215018795 and 10?
5
What is the highest common factor of 2862 and 4439174?
106
Calculate the highest common factor of 25272468 and 3276.
468
What is the greatest common factor of 7 and 3481265?
1
What is the greatest common factor of 4557227 and 9762?
1627
What is the highest common factor of 185175412 and 596?
596
Calculate the greatest common factor of 693835 and 734365.
965
Calculate the greatest common factor of 99 and 30393747.
9
What is the greatest common divisor of 251412 and 21728742?
3066
Calculate the greatest common divisor of 77025 and 5808633.
237
Calculate the greatest common divisor of 9 and 91862037.
9
Calculate the greatest common divisor of 97458 and 126984.
222
What is the highest common factor of 1066276 and 2666?
62
What is the greatest common factor of 2352 and 1397382?
294
What is the greatest common factor of 284829315 and 240?
15
What is the greatest common factor of 660 and 21805300?
220
Calculate the greatest common factor of 24 and 2075844.
12
Calculate the greatest common factor of 519376 and 186140.
908
What is the greatest common divisor of 57200 and 778712?
88
What is the highest common divisor of 144256 and 2779182?
2254
What is the greatest common factor of 244983 and 15240?
381
What is the highest common factor of 1279496 and 200?
8
Calculate the highest common factor of 43737 and 22360362.
717
What is the highest common divisor of 510784 and 556048?
368
What is the highest common divisor of 84684457 and 572?
143
What is the highest common factor of 55459 and 15551777?
1789
Calculate the highest common factor of 16 and 55240336.
16
Calculate the greatest common divisor of 19312 and 25533184.
272
What is the highest common factor of 649890 and 4590?
270
Calculate the highest common factor of 25925 and 800.
25
What is the highest common divisor of 3120 and 12058280?
520
Calculate the greatest common factor of 2205 and 203693.
49
What is the greatest common divisor of 2881 and 910999?
67
What is the highest common factor of 95232 and 3792?
48
Calculate the highest common factor of 4431167 and 13.
13
Calculate the highest common divisor of 280 and 125684860.
140
Calculate the greatest common divisor of 29222794 and 1246.
178
Calculate the greatest common divisor of 1423701 and 522.
9
Calculate the greatest common divisor of 136126 and 4285622.
4694
What is the highest common factor of 101807539 and 1775?
71
Calculate the greatest common factor of 499788630 and 132.
66
What is the highest common factor of 27037854 and 1326?
102
Calculate the highest common divisor of 20141892 and 87.
87
Calculate the highest common factor of 764762 and 135456.
2822
What is the greatest common divisor of 6568866 and 63?
9
Calculate the highest common factor of 8613440 and 109120.
3520
Calculate the highest common factor of 87 and 9337507.
29
What is the highest common divisor of 45 and 20494815?
15
Calculate the greatest common factor of 62325 and 23769093.
831
Calculate the highest common divisor of 3815127 and 864.
27
Calculate the highest common divisor of 885405 and 1445190.
1005
Calculate the highest common divisor of 19422 and 111054.
498
Calculate the greatest common factor of 695 and 60098457.
139
Calculate the greatest common factor of 41795391 and 143.
11
What is the greatest common divisor of 189770 and 10?
10
Calculate the greatest common factor of 197167473 and 22896.
1431
Calculate the greatest common divisor of 33212526 and 3366.
102
Calculate the greatest common divisor of 339346213 and 95.
19
Calculate the greatest common divisor of 1517952 and 6164.
268
What is the highest common factor of 14338821 and 158907?
3381
Calculate the greatest common divisor of 3038 and 7136696.
434
Calculate the highest common divisor of 261504 and 496449.
2043
Calculate the greatest common divisor of 1276 and 55224468.
116
What is the greatest common factor of 1554224 and 1064?
56
What is the highest common divisor of 358 and 164541991?
179
Calculate the greatest common factor of 684 and 94153512.
228
Calculate the highest comm